 15?
-3a01
In base 12, what is -3 + -73272?
-73275
In base 15, what is 5d - 2d9?
-27b
In base 3, what is 12101 + -11112?
212
In base 12, what is b8b9a8 - -5?
b8b9b1
In base 11, what is 26 - -56526?
56551
In base 11, what is 33837 - 6?
33831
In base 15, what is -abad + -4?
-abb2
In base 15, what is 1405c - 3?
14059
In base 16, what is 2c8381 - 1?
2c8380
In base 12, what is -b74 + -138?
-10b0
In base 11, what is 1 - -440?
441
In base 16, what is c2 + -87?
3b
In base 5, what is -224332 + 4?
-224323
In base 14, what is -112 + 745?
633
In base 8, what is -250 + -127?
-377
In base 7, what is -201 - 1124?
-1325
In base 3, what is 0 + -2021212111?
-2021212111
In base 9, what is -2534 - 14?
-2548
In base 16, what is 2d - 3e0?
-3b3
In base 16, what is f453 - -1?
f454
In base 8, what is 244773 + 2?
244775
In base 13, what is c7 + 28a?
384
In base 7, what is -410541 - -22?
-410516
In base 13, what is -6 + 721a?
7214
In base 2, what is -101010110 - -11110111?
-1011111
In base 12, what is 0 - 43404?
-43404
In base 7, what is 112061 + 24?
112115
In base 2, what is 10100011001011 + -101?
10100011000110
In base 16, what is -28 - -2e4c?
2e24
In base 3, what is 0 + -102221200?
-102221200
In base 4, what is -202323 - -2?
-202321
In base 16, what is 2 - 4334?
-4332
In base 12, what is 9 - 2346?
-2339
In base 9, what is 34 + -6605?
-6561
In base 3, what is 102010212120 + -102?
102010212011
In base 7, what is -2422 - 6302?
-12024
In base 15, what is -1 + -90529?
-9052a
In base 10, what is 3 + -4947?
-4944
In base 9, what is 1 + -24404?
-24403
In base 12, what is -2b + b67?
b38
In base 2, what is 1000010011111010 - 1001?
1000010011110001
In base 16, what is -1691 - -5?
-168c
In base 7, what is -6212 + -40?
-6252
In base 10, what is 132 - -345?
477
In base 2, what is -11101 - -10101101011?
10101001110
In base 2, what is -11001000 - -11110110001?
11011101001
In base 13, what is -19320 + 1?
-1931c
In base 14, what is 4089a - -16?
408b2
In base 4, what is 1 - 1120301?
-1120300
In base 14, what is 226 - 2b?
1d9
In base 14, what is -1139a - -2?
-11398
In base 13, what is c5 + 63?
158
In base 14, what is -24ca + 133?
-2397
In base 2, what is 100000 - -1110101?
10010101
In base 8, what is -72727 + 0?
-72727
In base 14, what is -3155 + -2a4?
-3419
In base 2, what is 1000010 + -1010101010?
-1001101000
In base 8, what is 316600 - 0?
316600
In base 8, what is 2734 - 54?
2660
In base 4, what is -1123 - -2013323?
2012200
In base 13, what is 4 - 35c9?
-35c5
In base 6, what is 3555010 - 2?
3555004
In base 3, what is -22120212 - 2102?
-22200021
In base 2, what is 100 + 1100001001010?
1100001001110
In base 10, what is -5 + -3459?
-3464
In base 11, what is -4 - -8813?
880a
In base 13, what is -2c906b - -3?
-2c9068
In base 8, what is 0 + 21666?
21666
In base 8, what is -5010 + -31?
-5041
In base 3, what is 10021112 - -2101010?
12122122
In base 4, what is -2233132 + -21?
-2233213
In base 15, what is -1 - 88d?
-88e
In base 12, what is 48191a - 0?
48191a
In base 16, what is 2 + -e9009?
-e9007
In base 4, what is -1 + 10010322302?
10010322301
In base 12, what is -961 - 22?
-983
In base 15, what is -2ae + -19?
-2c8
In base 9, what is -4 + 7507?
7503
In base 7, what is -11 + -1110600?
-1110611
In base 16, what is 0 + -1856?
-1856
In base 4, what is -11 - -120110332?
120110321
In base 13, what is 37b - -74?
422
In base 4, what is -10 - -110321330?
110321320
In base 2, what is -10001010000 - -101001001?
-1100000111
In base 12, what is -aaa6a - 8?
-aaa76
In base 11, what is 4 + -16a3a1?
-16a398
In base 16, what is -a + -2589?
-2593
In base 10, what is 2 + -2036?
-2034
In base 11, what is -95a720 - -1?
-95a71a
In base 14, what is -18a - -6d?
-11b
In base 16, what is -3c + 2cc?
290
In base 3, what is 0 - 10210202200?
-10210202200
In base 14, what is -8cb - 6c1?
-11ac
In base 15, what is -43a - 2c6?
-711
In base 8, what is -675 - -63?
-612
In base 3, what is -2211010021012 - 2?
-2211010021021
In base 2, what is -110110 + 100101000011?
100100001101
In base 6, what is 142 - 425?
-243
In base 5, what is 310 - 11022?
-10212
In base 8, what is 2446 - 32?
2414
In base 3, what is 1010022000 + -2?
1010021221
In base 14, what is -2 - 462a?
-462c
In base 16, what is -91 - 6fe1?
-7072
In base 2, what is 1101010 - 11100101111?
-11011000101
In base 6, what is -4 + -220554?
-221002
In base 9, what is -520 + 855?
335
In base 4, what is 11 + -310331120?
-310331103
In base 5, what is 0 + 104110?
104110
In base 13, what is 4 + c198?
c19c
In base 14, what is -313 - -19b4?
16a1
In base 6, what is 201 - -21322?
21523
In base 5, what is -3 + -142402?
-142410
In base 11, what is -7 - a837?
-a843
In base 9, what is -1870436 - 1?
-1870437
In base 11, what is 7584 + 6?
758a
In base 8, what is -15 - -304?
267
In base 9, what is 1655 + -1068?
576
In base 14, what is 2b - -158a?
15b7
In base 9, what is 3788 - -21?
3820
In base 3, what is -2120 - 1221202?
-2001022
In base 14, what is -412 + -52c?
-940
In base 12, what is 1a6b5 + -5?
1a6b0
In base 6, what is -222330 - 5?
-222335
In base 12, what is b - -a82?
a91
In base 13, what is -47a5 + -76?
-484b
In base 3, what is -1112 + 120120100?
120111211
In base 16, what is 5020 - 2?
501e
In base 9, what is 106 + 1814?
2021
In base 3, what is -12 - -20100202210?
20100202121
In base 16, what is 13a - -c5?
1ff
In base 13, what is -182105 + -3?
-182108
In base 13, what is 3347a + 3?
33480
In base 8, what is 23 + -155661?
-155636
In base 4, what is -11223 + 30301?
13012
In base 3, what is 0 - 201111100121?
-201111100121
In base 3, what is 1020120220 + -100?
1020120120
In base 10, what is 3943 - 2?
3941
In base 2, what is -1101001101011010 - 11?
-1101001101011101
In base 14, what is 9 + 157a?
1585
In base 6, what is 222 + -1044?
-422
In base 14, what is c + 87b?
889
In base 13, what is -a82 - -8a4?
-1ab
In base 14, what is 7 + -151?
-148
In base 2, what is 110001010100010000 - 1?
110001010100001111
In base 8, what is -36022751 + 5?
-36022744
In base 7, what is -11356 - 56?
-11445
In base 5, what is -11 + 4031101?
4031040
In base 2, what is -100000101011000 - 10000010?
-100000111011010
In base 15, what is 0 + 7d4?
7d4
In base 4, what is 10 + -22202110?
-22202100
In base 14, what is -39c19 + -3?
-39c1c
In base 15, what is 25 - -8d04?
8d29
In base 2, what is -1001010010100100 - -1001?
-1001010010011011
In base 14, what is c9 + -c?
bb
In base 12, what is -18 - 481a4?
-48200
In base 13, what is 19b0 - 3?
19aa
In base 9, what is 7 + 6301?
6308
In base 12, what is -2 + 2964?
2962
In base 2, what is -1010 + -1010000011111011001?
-1010000011111100011
In base 6, what is 143 + -10041?
-5454
In base 12, what is 1ba + -a2?
118
In base 15, what is -d167 - -5?
-d162
In base 7, what is 10442 + -200?
10242
In base 6, what is 13 - -40034?
40051
In base 8, what is 21615 + 12?
21627
In base 4, what is 302303 + -22?
302221
In base 5, what is 12423 + 1040?
14013
In base 15, what is -46 + -7d3?
-829
In base 13, what is -67bc - -5?
-67b7
In base 12, what is -3 + -3a53?
-3a56
In base 15, what is 154e + 51?
15a0
In base 10, what is 482674 - -1?
482675
In base 12, what is 4738 + -3?
4735
In base 5, what is -1144100 - -2?
-1144043
In base 12, what is 20 - 3632?
-3612
In base 2, what is 101 + 101100010111001?
101100010111110
In base 11, what is 34662 + -4?
34659
In base 4, what is -311 + -30013?
-30330
In base 15, what is -21b8 + 110?
-20a8
In base 5, what is 2 - 1301121?
-1301114
In base 16, what is -1374 + -11f?
-1493
In base 11, what is 311 + -245?
77
In base 16, what is -19f + 1e?
-181
In base 3, what is -1010011 + -1110010?
-2120021
In base 6, what is 114425 - 2?
114423
In base 4, what is 10102312 - 23?
10102223
In base 4, what is 1012 - -332?
2010
In base 15, what is -a + 2b6?
2ab
In base 8, what is -456 + 102?
-354
In base 4, what is -1110 - -13030221?
13023111
In base 15, what is -4 - 32ba?
-32be
In base 9, what is -508 + 5?
-503
In base 15, what is -1ea0 + 8?
-1e97
In base 13, what is -3 + 26863?
26860
In base 12, what is -5 - -4928?
4923
In base 4, what is 1 - -323032321?
323032322
In base 2, what is 1 - 10100010011000010010?
-10100010011000010001
In base 3, what is 1 + 10122221?
10122222
In base 16, what is 3ab + 2fe?
6a9
In base 6, what is 2 + 5530321?
5530323
In base 15, what is -b9827 + 4?
-b9823
In b